-1).
-4
Evaluate (2 + 1 + 0 - 5) + -1.
-3
-3 + (-1 - -7) + (-27 - -26)
2
What is -6 + 13 + 3 + -2?
8
What is (3 - 1 - (1 + 1)) + 0?
0
What is -8 + 1 + 11 + -8?
-4
What is -8 + 4 + 6 + (2 - 3)?
1
Calculate 3 + 1 + 6 + -6.
4
What is the value of -3 - (4 - (7 + 2 + -6))?
-4
0 + 0 - ((-6 - -3) + -1)
4
Calculate (48 - 41) + (1 + -1 - 12).
-5
Evaluate 5 + (-3 + 7 - 10).
-1
What is -1 - -1 - (1 + 2)?
-3
Calculate -5 + (4 - -2) + 0.
1
Evaluate (-9 - -6) + (-4 - -8).
1
Calculate (-1 - -1) + -6 + 6.
0
Calculate (-1 - 4 - (7 + -4)) + 2.
-6
What is (-6 - -5) + (4 - -1)?
4
Evaluate -7 - (1 - (-12 + 13)).
-7
-3 + 8 + 2 + -5
2
Calculate -1 + 8 - (-3 - -3) - 2.
5
What is the value of -5 - (-8 + 3 - 3)?
3
-4 - (-1 - -7) - -11
1
What is 7 + 3 + -2 + -4?
4
What is the value of 7 + (-22 + 4 - -10)?
-1
What is the value of -8 - (8 + 0 + -9 + 3)?
-10
What is the value of -2 + -4 + 1 + 5?
0
Calculate (5 + -14 - -6) + 2 + -2.
-3
Evaluate (1 - -2) + (-6 - (-17 + 10)).
4
What is 5 - (3 + (1 - 1) + 1)?
1
What is the value of -7 + 7 + -1 + 5 - 11?
-7
Calculate 0 + 1 + (-2 - 1) + 7.
5
What is the value of (-13 - (-3 - -1)) + (2 - -4)?
-5
0 + 3 + (0 - -1)
4
Calculate 6 + (2 - (12 - 4) - 1).
-1
What is -7 + (-1 - (-1 + 4 - 2))?
-9
Evaluate 0 - ((0 - -4) + -3).
-1
What is the value of (-1 - (4 - 4)) + -3?
-4
Calculate (63 - 52) + (1 - 6).
6
(-2 - 0) + -27 + 35
6
What is the value of -4 + 3 - (2 - 6)?
3
What is the value of -5 + -2 + 2 + 12 + -5?
2
4 - ((4 - -15) + -10)
-5
What is 4 + (4 - 7) + -3?
-2
Evaluate -1 + 6 + -4 + 1.
2
Calculate 0 + 2 + -2 + 3.
3
What is the value of -7 + 7 - 0 - (-5 + 1)?
4
2 - ((-3 - -10) + -5 + -5)
5
What is 1 + -11 + 23 + -5?
8
-11 - (1 + -11) - (5 - 0)
-6
83 - 66 - (-1 + 13)
5
What is the value of 2 + 2 + -9 - -4?
-1
Evaluate 8 + (-1 - -3) + 4 + -10.
4
Calculate 0 + 1 + 0 + 1.
2
What is 1 - (0 + 2 + (1 - 1))?
-1
What is 2 - (3 - (4 - 5))?
-2
Evaluate -5 + -4 + (-1 - -6).
-4
Calculate -10 - -4 - -10 - (0 - -5).
-1
(41 - 46) + (0 + 0 - -11)
6
1 - -10 - 5 - 10
-4
What is the value of (5 - 1) + (35 - 36)?
3
0 + (4 - (7 + -1))
-2
Evaluate 4 - (-3 + (2 - 0) + 2).
3
Evaluate (0 - 10) + (19 - 3).
6
What is the value of 7 - (2 - 5 - (-3 + -4))?
3
Calculate 2 + -2 - (-3 + (1 - -6)).
-4
Evaluate -5 + 2 + 1 - (1 + 0).
-3
(-8 - (-18 + 1)) + -3
6
Evaluate (-5 - (-6 - 5)) + 0 + -1.
5
What is 2 - ((7 - 4 - 4) + 4)?
-1
8 - (17 - 13) - -6
10
Calculate -13 + (4 - (-16 + 7)).
0
7 - (-1 + 22) - -8
-6
What is the value of 1 + -2 + 7 + -6?
0
What is the value of 1 - (-6 + 7 + -8)?
8
What is 1 + 1 + -5 - (-10 + 6)?
1
Evaluate (-3 + 10 - 3) + 3.
7
Evaluate -8 + (-3 + -3 - -13).
-1
What is the value of -9 - (-16 - -1) - 2?
4
What is 1 + -2 + 2 + 1?
2
Calculate (-5 - -4) + 1 + -2 - -4.
2
Evaluate -5 - 3 - (-2 + -5 + 4).
-5
Evaluate 2 + (-4 - 0) + (8 - 6).
0
What is the value of -7 - (2 - (5 + -1))?
-5
What is the value of (-3 - 1) + (83 - 86)?
-7
-5 + 3 + -4 + 5 + 0
-1
Calculate (5 - 19 - -6) + 2 + 1.
-5
(-5 - (-8 + 3)) + 4
4
-1 + 5 + -1 - (2 + -3)
4
What is the value of 4 - (5 - 2 - (14 + -8))?
7
Calculate 2 + 2 + -5 + -3 - 0.
-4
-1 + -3 + (1 - 0)
-3
Evaluate 0 + -4 - (-3 + -3).
2
What is the value of -1 + 2 + 0 - (-25 + 27)?
-1
What is the value of (0 - 0) + -4 + (9 - 4)?
1
What is 9 + 2 - (1 + (4 - 0))?
6
What is (-6 - -4) + 3 + 15 + -20?
-4
Evaluate (-23 - -11) + 14 + -10.
-8
What is -1 + 3 - (14 + -15)?
3
Evaluate 0 - (11 - 10 - (-1 + 2)).
0
Calculate -16 - (-4 + -2 - -2) - -2.
-10
-5 - (-1 + -2) - (2 + 0)
-4
What is the value of (12 - 27) + 20 + 1 + -10?
-4
Evaluate 1 + (7 - 1) + -4.
3
What is (6 - 4) + (2 - 0) + -4?
0
What is 3 - (-4 + (3 - (-6 + 1)))?
-1
What is -6 + (1 - -3) - (0 - 3)?
1
Evaluate (14 - 13) + (0 - -4).
5
Calculate (-2 - 1) + -1 + 5 - -1.
2
What is the value of -1 + -2 + 9 - 2?
4
What is the value of 8 - (11 + -5 + 2)?
0
What is (1 - 10) + (-3 - -13) + -4?
-3
What is 42 - 49 - (-8 - 1)?
2
What is (-12 - -21) + -18 - -7?
-2
What is the value of -1 - -4 - 0 - 10?
-7
What is 6 - (-2 + -1) - 4?
5
What is the value of 4 - (-3 + (6 - (10 + -4)))?
7
What is 11 - ((10 - 19) + 22)?
-2
0 + -4 + 4 + -3 + -2
-5
Calculate -2 - (-5 + 2 + 0 + 2).
-1
What is 5 - (2 + -2 + 3)?
2
Calculate -5 + -1 + (2 - -2).
-2
What is 8 + 5 + -4 + -11?
-2
What is 0 - 3 - 2 - (-6 + 1)?
0
Evaluate -2 - 2 - (-10 + 2).
4
Calculate -3 + 8 + (-5 - -7).
7
39 + -39 - (-1 - 0)
1
What is 2 - (0 + (2 - 2))?
2
(13 - 12) + (1 - 1)
1
Calculate 6 + (-3 - -8) - 9.
2
Calculate (1 - (2 + 1)) + (12 - 11).
-1
What is (0 + -1 - 1) + (-3 - -7)?
2
What is the value of -1 - 1 - (33 - 34)?
-1
Calculate (8 - (1 - 3)) + -1.
9
Evaluate (-2 + -1 - -7) + -2.
2
Evaluate -2 - -2 - (-1 + -1) - -2.
4
What is the value of (2 - 0 - -1) + -4 + -2?
-3
(-10 - -1) + 1 + 1
-7
What is the value of 5 - (-3 - (-2 + 0) - -3)?
3
What is the value of 2 + 8 - (9 + -3)?
4
-2 + (6 - 7 - (-2 - 1))
0
What is 11 + -8 - (1 - -1)?
1
Calculate 3 + (-5 - (4 - 3)).
-3
What is the value of -3 + -1 + 5 + -1?
0
Evaluate -10 + 8 - (3 + 0).
-5
What is 4 + (-1 - -1 - 1) + -3?
0
-8 - -15 - (-2 + 5)
4
What is the value of (0 - -1) + -5 - (-31 + 30)?
-3
Evaluate 2 - 2 - (1 + 3).
-4
Evaluate (0 - 2) + (-7 - -6).
-3
Evaluate -4 + (-5 - -13) + -5.
-1
Evaluate 1 + 0 - (-9 + (-4 - -18)).
-4
Calculate 0 - (-1 + 8 + -3 - -1).
-5
What is 0 + (-8 - ((-1 - 4) + 1))?
-4
What is 0 + 6 - (-6 + 8)?
4
-5 + 2 + 8 + -3
2
Calculate 0 + 2 + -2 + -2.
-2
What is the value of -2 - 9 - -2 - (2 - 5)?
-6
Evaluate 2 + 2 + -7 - (1 - 4).
0
0 - ((10 - 0) + -3 - 5)
-2
What is 0 + -7 + (-30 - -36)?
-1
Evaluate 5 - (7 - (11 + 2 + -5)).
6
What is the value of (2 - (-3 - (-7 - -8))) + -7?
-1
-1 + 1 - 4 - (38 + -45)
3
Evaluate 1 - (-5 + 13 - 5) - 3.
-5
What is the value of (-8 - (-4 + 1)) + 5 - 4?
-4
What is 1 + -3 + 4 + 4 + 4?
10
What is 3 - (-4 - ((4 - 0) + -11))?
0
Calculate (3 - 3 - 8 - -12) + -4.
0
What is the value of 8 + (-1 - 1 - 8)?
-2
Evaluate -1 - -3 - (-9 + 0 - -7).
4
(-12 - -6 - -4) + 1 + 0
-1
Calculate -3 - 0 - (-4 - (0 + -3)).
-2
Calculate 9 - (10 + (7 - 16)).
8
Calculate -5 + 10 + -3 - 2.
0
What is the value of -7 + (3 - 0) - (-6 + -1)?
3
What is the value of 5 + -1 - (16 + -6)?
-6
What is the value of -5 - (3 - 0 - 5)?
-3
Evaluate 0 - 6 - (5 - 6).
-5
Calculate -2 + (-1 + -1 - 1) - -7.
2
Evaluate 0 + (-1 - -2) - 4.
-3
Calculate -14 + 25 + (-12 - -7).
6
What is the value of (-1 - -3) + 0 - 1 - 2?
-1
Evaluate -1 + 2 + (1 - (2 + 2)).
-2
What is 12 + -7 + 1 + 1?
7
Calculate -1 + (5 - 1) + (0 - -2).
5
Calculate (-7 - -6) + -3 + 0.
-4
What is -21 - -24 - (1 + 0)?
2
Evaluate 8 + (-6 - -8) + -15.
-5
What is 4 + 0 - (0 + 2)?
2
Calculate (10 + -6 - 6) + (0 - 3).
-5
Calculate -1 + (-2 - -1) - (28 + -30).
0
What is (9 - 9) + -5 - (0 - 2)?
-3
Calculate (2 - -2) + -5 + 4.
3
Calculate 3 - 5 - -3 - (6 - 1).
-4
Evaluate (3 - 4) + 2 + 1 - -5.
7
-22 - -33 - (4 + 17)
-10
What is the value of 5 + -5 + 1 - -3?
4
What is the value of (-5 - 1) + 1 + 1 + 1?
-3
(-4 + (-7 - -2) - -5) + 7
3
What is the value of -4 - -2 - (0 + (1 - -2))?
-5
What is (-104 - -102) + 8 + 0?
6
What is the value of -4 + (1 - -9) + -2?
4
What is 1 - (5 + -7 + (4 - -2))?
-3
What is the value of -1 - (1 - (3 - 6))?
-5
What is the value of 3 + 0 - ((-1 - 0) + 0)?
4
-9 + (5 - -17) - 5
8
(4 - 4 - -4) + -2
2
What is the value of 2 + -1 - (-1 + -2 + 0)?
4
-1 + 5 + (6 + 0 - 7)
3
(2 - 5 - 2) + 5 - -4
4
What is the value of -43 - -52 - (0 + 3 - -1)?
5
What is the value of 71 + -71 - (2 - (-3 + 1))?
-4
Calculate 5 + (-4 - 7) + 2.
-4
Evaluate (8 - -12) + -10 - 9.
1
What is the value of (2 - 0) + (13 - 11)?
4
Calculate -4 - (-5 + -7 + 5 + 1).
2
-2 + 8 + -12 + 3 - -8
5
Evaluate 7 + (-4 - -10) + -6 - 3.
4
What is the value of -7 + 7 + (5 - 8 - -4)?
1
Calculate 4 + -1 - ((-4 - -11) + -2).
-2
-2 + 6 + -2 + -3 + -2
-3
What is -3 + 4 + -3 - (-13 - -11)?
0
-8 + 4 + (12 - 6)
2
-5 + 2 - 0 - 2
-5
2 - (3 + 3 + -7)
3
Calculate (6 - 10) + (-3 - -1).
-6
What is -27 + 32 - (-1 - -18) - -5?
-7
Evaluate 6 - (-3 - (-2 + -2)).
5
Calculate 2 - ((11 - 3) + -1).
-5
Evaluate -6 - (4 + -3 + 1) - -1.
-7
Calculate 0 + 3 + -5 + (-1 - 1).
-4
What is the value of 7 + 2 + -7 - 3?
-1
What is 3 + (5 - 15) + -3?
-10
4 + -1 - (0 + -2)
5
Evaluate 2 + -7 + 3 - 3 - -2.
-3
What is the value of 3 + -4 + 6 - (1 - -6)?
-2
Evaluate 5 - (-11 + 2) - (4 + 3).
7
Calcu